{"id":44,"date":"2024-04-10T17:38:20","date_gmt":"2024-04-10T15:38:20","guid":{"rendered":"https:\/\/modkrywca.edu.pl\/?page_id=44"},"modified":"2025-04-03T09:02:24","modified_gmt":"2025-04-03T07:02:24","slug":"start","status":"publish","type":"page","link":"https:\/\/modkrywca.edu.pl\/","title":{"rendered":"Start"},"content":{"rendered":"\t\t<div data-elementor-type=\"wp-page\" data-elementor-id=\"44\" class=\"elementor elementor-44\">\n\t\t\t\t<div class=\"elementor-element elementor-element-402dd5f e-flex e-con-boxed e-con e-parent\" data-id=\"402dd5f\" data-element_type=\"container\">\n\t\t\t\t\t<div class=\"e-con-inner\">\n\t\t\t\t<div class=\"elementor-element elementor-element-dd33c55 elementor-widget elementor-widget-text-editor\" data-id=\"dd33c55\" data-element_type=\"widget\" data-widget_type=\"text-editor.default\">\n\t\t\t\t<div class=\"elementor-widget-container\">\n\t\t\t\t\t\t\t\t\t<div class=\"tresc\"><span style=\"color: black; font-size: large;\"><i>Przedszkole Ma\u0142y Odkrywca to wyj\u0105tkowe miejsce.<\/i><\/span><br>\nNasze przedszkole rozwija kreatywno\u015b\u0107, samodzielno\u015b\u0107 a tak\u017ce sprawno\u015b\u0107 fizyczn\u0105 i intelektualn\u0105 dzieci. \u0141\u0105czymy przyjazn\u0105 atmosfer\u0119 domu z profesjonaln\u0105 i kompleksow\u0105 opiek\u0105. Kadra przedszkola dok\u0142ada wszelkich stara\u0144, aby zapewni\u0107 dzieciom domowe ciep\u0142o. S\u0105 to ludzie otwarci, pe\u0142ni serca i \u017cyczliwo\u015bci, \u015bwietnie przygotowani do wykonywania swojego zawodu.<\/div>\t\t\t\t\t\t\t\t<\/div>\n\t\t\t\t<\/div>\n\t\t\t\t<div class=\"elementor-element elementor-element-0318c86 elementor-widget-divider--view-line elementor-widget elementor-widget-divider\" data-id=\"0318c86\" data-element_type=\"widget\" data-widget_type=\"divider.default\">\n\t\t\t\t<div class=\"elementor-widget-container\">\n\t\t\t\t\t\t\t<div class=\"elementor-divider\">\n\t\t\t<span class=\"elementor-divider-separator\">\n\t\t\t\t\t\t<\/span>\n\t\t<\/div>\n\t\t\t\t\t\t<\/div>\n\t\t\t\t<\/div>\n\t\t\t\t\t<\/div>\n\t\t\t\t<\/div>\n\t\t\t\t<\/div>\n\t\t","protected":false},"excerpt":{"rendered":"<p>Przedszkole Ma\u0142y Odkrywca to wyj\u0105tkowe miejsce. Nasze przedszkole rozwija kreatywno\u015b\u0107, samodzielno\u015b\u0107 a tak\u017ce sprawno\u015b\u0107 fizyczn\u0105 i intelektualn\u0105 dzieci. \u0141\u0105czymy przyjazn\u0105 atmosfer\u0119 domu z profesjonaln\u0105 i kompleksow\u0105 opiek\u0105. Kadra przedszkola dok\u0142ada wszelkich stara\u0144, aby zapewni\u0107 dzieciom domowe ciep\u0142o. S\u0105 to ludzie otwarci, pe\u0142ni serca i \u017cyczliwo\u015bci, \u015bwietnie przygotowani do wykonywania swojego zawodu.<\/p>\n","protected":false},"author":1,"featured_media":0,"parent":0,"menu_order":0,"comment_status":"closed","ping_status":"closed","template":"","meta":{"footnotes":""},"folder":[],"class_list":["post-44","page","type-page","status-publish","hentry"],"_links":{"self":[{"href":"https:\/\/modkrywca.edu.pl\/index.php\/wp-json\/wp\/v2\/pages\/44","targetHints":{"allow":["GET"]}}],"collection":[{"href":"https:\/\/modkrywca.edu.pl\/index.php\/wp-json\/wp\/v2\/pages"}],"about":[{"href":"https:\/\/modkrywca.edu.pl\/index.php\/wp-json\/wp\/v2\/types\/page"}],"author":[{"embeddable":true,"href":"https:\/\/modkrywca.edu.pl\/index.php\/wp-json\/wp\/v2\/users\/1"}],"replies":[{"embeddable":true,"href":"https:\/\/modkrywca.edu.pl\/index.php\/wp-json\/wp\/v2\/comments?post=44"}],"version-history":[{"count":22,"href":"https:\/\/modkrywca.edu.pl\/index.php\/wp-json\/wp\/v2\/pages\/44\/revisions"}],"predecessor-version":[{"id":1050,"href":"https:\/\/modkrywca.edu.pl\/index.php\/wp-json\/wp\/v2\/pages\/44\/revisions\/1050"}],"wp:attachment":[{"href":"https:\/\/modkrywca.edu.pl\/index.php\/wp-json\/wp\/v2\/media?parent=44"}],"wp:term":[{"taxonomy":"folder","embeddable":true,"href":"https:\/\/modkrywca.edu.pl\/index.php\/wp-json\/wp\/v2\/folder?post=44"}],"curies":[{"name":"wp","href":"https:\/\/api.w.org\/{rel}","templated":true}]}}